
{"id":5649,"date":"2022-10-12T15:29:52","date_gmt":"2022-10-12T13:29:52","guid":{"rendered":"https:\/\/eyewearstore.hu\/?post_type=product&#038;p=5649"},"modified":"2025-08-01T16:03:07","modified_gmt":"2025-08-01T14:03:07","slug":"szemtakaro-parna-1-par","status":"publish","type":"product","link":"https:\/\/eyewearstore.hu\/en\/product\/szemtakaro-parna-1-par\/","title":{"rendered":"Szemtakar\u00f3 p\u00e1rna 1 p\u00e1r"},"content":{"rendered":"<h3><strong>Szemtakar\u00f3 p\u00e1rna \u2013 K\u00e9nyelmes v\u00e9delem a szemnek<\/strong><\/h3>\n<p>A <strong>szemtakar\u00f3 p\u00e1rna<\/strong> ide\u00e1lis v\u00e1laszt\u00e1s azon gyermekek sz\u00e1m\u00e1ra, akiknek k\u00edm\u00e9letes \u00e9s higi\u00e9nikus megold\u00e1sra van sz\u00fcks\u00e9ge a szemtakar\u00e1shoz.<\/p>\n<h4><strong>F\u0151bb jellemz\u0151k:<\/strong><\/h4>\n<p>\u2705 <strong>Puha \u00e9s b\u0151rbar\u00e1t anyag<\/strong> \u2013 nem irrit\u00e1lja a b\u0151rt, hosszabb ideig is k\u00e9nyelmes viselet.<br \/>\n\u2705 <strong>L\u00e9g\u00e1tereszt\u0151 kivitel<\/strong> \u2013 biztos\u00edtja a megfelel\u0151 szell\u0151z\u00e9st, cs\u00f6kkenti az izzad\u00e1st.<br \/>\n\u2705 <strong>Egyszer\u0171 haszn\u00e1lat<\/strong> \u2013 k\u00f6nnyen felhelyezhet\u0151 \u00e9s stabilan a hely\u00e9n marad.<\/p>\n<p>V\u00e1lassza a k\u00e9nyelmes \u00e9s praktikus <strong>szemtakar\u00f3 p\u00e1rn\u00e1t<\/strong>.<\/p>","protected":false},"excerpt":{"rendered":"<p>Szem\u00fcvegre h\u00fazhat\u00f3 szemtakar\u00f3 p\u00e1rna gyerekeknek.<\/p>\n<p>V\u00e1laszthat\u00f3 k\u00e9k \u00e9s r\u00f3zsasz\u00edn sz\u00ednekben.<\/p>","protected":false},"featured_media":5641,"comment_status":"open","ping_status":"closed","template":"","meta":{"_seopress_robots_primary_cat":"none","_seopress_titles_title":"","_seopress_titles_desc":"","_seopress_robots_index":""},"product_cat":[34,97],"product_tag":[],"class_list":{"0":"post-5649","1":"product","2":"type-product","3":"status-publish","4":"has-post-thumbnail","6":"product_cat-egyeb","7":"product_cat-hasznos-praktikus","9":"first","10":"instock","11":"taxable","12":"shipping-taxable","13":"purchasable","14":"product-type-variable"},"_links":{"self":[{"href":"https:\/\/eyewearstore.hu\/en\/wp-json\/wp\/v2\/product\/5649","targetHints":{"allow":["GET"]}}],"collection":[{"href":"https:\/\/eyewearstore.hu\/en\/wp-json\/wp\/v2\/product"}],"about":[{"href":"https:\/\/eyewearstore.hu\/en\/wp-json\/wp\/v2\/types\/product"}],"replies":[{"embeddable":true,"href":"https:\/\/eyewearstore.hu\/en\/wp-json\/wp\/v2\/comments?post=5649"}],"wp:featuredmedia":[{"embeddable":true,"href":"https:\/\/eyewearstore.hu\/en\/wp-json\/wp\/v2\/media\/5641"}],"wp:attachment":[{"href":"https:\/\/eyewearstore.hu\/en\/wp-json\/wp\/v2\/media?parent=5649"}],"wp:term":[{"taxonomy":"product_cat","embeddable":true,"href":"https:\/\/eyewearstore.hu\/en\/wp-json\/wp\/v2\/product_cat?post=5649"},{"taxonomy":"product_tag","embeddable":true,"href":"https:\/\/eyewearstore.hu\/en\/wp-json\/wp\/v2\/product_tag?post=5649"}],"curies":[{"name":"wp","href":"https:\/\/api.w.org\/{rel}","templated":true}]}}

Szemtakaró párna 1 pár

<h3><strong>Szemtakaró párna – Kényelmes védelem a szemnek</strong></h3>
<p>A <strong>szemtakaró párna</strong> ideális választás azon gyermekek számára, akiknek kíméletes és higiénikus megoldásra van szüksége a szemtakaráshoz.</p>
<h4><strong>Főbb jellemzők:</strong></h4>
<p>✅ <strong>Puha és bőrbarát anyag</strong> – nem irritálja a bőrt, hosszabb ideig is kényelmes viselet.<br />
✅ <strong>Légáteresztő kivitel</strong> – biztosítja a megfelelő szellőzést, csökkenti az izzadást.<br />
✅ <strong>Egyszerű használat</strong> – könnyen felhelyezhető és stabilan a helyén marad.</p>
<p>Válassza a kényelmes és praktikus <strong>szemtakaró párnát</strong>.</p>

<p>Szemüvegre húzható szemtakaró párna gyerekeknek.</p>
<p>Választható kék és rózsaszín színekben.</p>
